-30*a = -35*a + 287785. Is a prime?
True
Suppose 4*g = -b - 28, 2*b + 0 = 3*g - 1. Let i be 2/(-6)*(-1 + b). Suppose -4*t = -i*t - 67. Is t a prime number?
True
Suppose -736 = 4*b + 3*p, -3*p = -4*b - 5*p - 732. Let u be (-72)/(-2)*(-15)/6. Let z = u - b. Is z a prime number?
False
Let x(l) = -64*l - 7 + 29 + 3 + 2*l. Is x(-11) a prime number?
False
Let s = -34 - -324. Suppose -4*i - 712 = 3*l, 15*i + 165 = 14*i - 4*l. Let m = i + s. Is m a composite number?
False
Suppose 0 = 3*w + 15, -4*r + 25 = -2*r - 5*w. Suppose r = -2*m + 5*k + 951, 3*m = -0*m - 4*k + 1438. Is m a composite number?
True
Let g(s) = -25*s**3 - 2*s**2 + 2*s + 3. Let p(o) = o**2 + 7*o - 3. Let h be p(-8). Suppose 3*v - 3 = -3*r, 2*r + 5 - 1 = -h*v. Is g(v) a prime number?
True
Let k = -3807 - -2692. Let z = k - -1685. Let m = z - 367. Is m a composite number?
True
Suppose -4*u + 6286 = 410. Is u a prime number?
False
Let k(h) be the third derivative of -95*h**4/12 + h**3/6 - 2*h**2 + 120*h. Suppose -3*i + 3*j = 2*i + 20, -4*i + 21 = 5*j. Is k(i) composite?
False
Let i = 1886 - 153. Is i composite?
False
Suppose 0 = -3*r + 6. Suppose -r*z - 3*z = 12620. Is z/(-12) + 4/6 a composite number?
False
Let y = -801 + 2046. Suppose -5*d = -h - 2935, 4*d - 1103 = 5*h + y. Is d composite?
False
Let b be ((-6)/(-4))/((-21)/(-28)). Suppose 0 = -b*w - 2 - 0. Is 1 + w + -1 + 536 a composite number?
True
Let t = 7421 - 4422. Is t composite?
False
Suppose 0 = -s - 2 + 10. Let o be s/(-5)*(-1 + -4). Let w = 15 - o. Is w a prime number?
True
Let b be 2 + 4/(-1) - 1. Let f be (2/b)/(8/(-48)). Is f - ((-3)/3 + -144) a composite number?
False
Suppose 4*u + 156 - 980 = 0. Let f = u - -391. Is f a prime number?
False
Suppose 3*h = -12 + 6, -2*y - 5*h = -101808. Is y composite?
False
Let o = 135 - 131. Suppose -4*u - 4*s + 109 = -2019, u + o*s - 541 = 0. Is u a composite number?
True
Suppose -10 = -i + 3*g, -5*i + 83 = 32*g - 36*g. Is i a composite number?
False
Is ((-42376)/12 - 0)/((-4)/6) composite?
False
Suppose 4922 = 2*q - h, 9856 = q + 3*q + h. Is q a prime number?
False
Suppose 31*w - 28*w + 71358 = 3*z, -71346 = -3*z - w. Is z a composite number?
True
Is -100228*(-1)/(-2)*56/(-112) a composite number?
False
Let p = -18698 - -28285. Is p a prime number?
True
Let i(s) = -s**2 - 10*s + 5. Let r be i(-10). Suppose -2*o = r*f - 3149, -4*f + 2*f + o = -1265. Is f composite?
False
Let d = 2876 + -1873. Is d a prime number?
False
Let m be 6/4*56/12. Let l be 164/m + (-4)/(-7). Let n = l - -7. Is n composite?
False
Let p = -1 - -1. Let f = -16 - -18. Suppose -f*t + t + 187 = p. Is t composite?
True
Let d = 42 - 30. Suppose -d*a + 7795 = -7*a. Is a a composite number?
False
Suppose m + m - 6770 = 0. Suppose 5*v + m = 10*v. Is v prime?
True
Let s(g) = 275*g - 20. Let p(w) = -275*w + 21. Let c(l) = 4*p(l) + 3*s(l). Is c(-5) a composite number?
False
Let r(d) = -6*d**3 - 46*d**2 + 42*d - 85. Is r(-35) a prime number?
False
Suppose -2 = 2*h - 4*i, -h - 3*i = 2*h - 33. Let u = h - 7. Suppose 10*v - 5*v - 385 = u. Is v prime?
False
Suppose 4 = -0*i + 2*i. Suppose -46 - 216 = -i*y. Is y prime?
True
Let a = -62 + 68. Is (-3 - 31138/a)*(-3)/2 composite?
False
Let p(x) = 49*x - 9. Let v be p(16). Suppose 5*j - 5*d - v = 0, -6 = -4*d + 2. Is j composite?
False
Suppose -b + t + 5 = -0*b, -5*b - 5*t - 15 = 0. Let s be (3 - b - -28)*-2. Let g = s + 143. Is g prime?
True
Let m be ((-14)/28)/(1/(-436)). Let s = 469 - m. Is s a prime number?
True
Let f(t) = t**2. Let i(m) = 92*m**2 - m - 1. Let z(q) = 5*f(q) + i(q). Is z(-1) a composite number?
False
Let v(o) = -o**3 + 11*o**2 - 9*o - 6. Let t be v(10). Suppose -j - t*c = -165 - 1398, 3*j - 4676 = c. Is j a prime number?
True
Suppose -3*w + 33 = 3*z, 4*w - z - 8 = 21. Is ((-7094)/w)/(10 - (-328)/(-32)) composite?
False
Let k(w) = w**3 - 2*w**2 + w - 2. Let x be k(0). Let h(p) = -155*p - 3. Is h(x) prime?
True
Suppose 0 = -12*d + 81516 - 21048. Is d prime?
True
Let s = -509 - -996. Is s prime?
True
Let o be 6/4*40/12. Suppose -o*q = -518 - 32. Suppose 0*l + 2*l - q = 0. Is l a prime number?
False
Suppose -14 + 121 = d. Let p = d - 24. Is p prime?
True
Suppose -2*a + 2574 = 604. Let v = a - 688. Let b = 170 + v. Is b prime?
True
Let u be (-27)/135 + 1 + 824/(-5). Let c = u + 366. Is c a composite number?
True
Suppose 6*c + 5*c - 6798 = 0. Suppose -3*v = 5*o - 1480, o + c = 3*o - 4*v. Is o a prime number?
False
Suppose 4*v - 20 = -0*v. Suppose 462 = 2*q + 2*m - 6*m, 1181 = v*q + 3*m. Is q a composite number?
True
Let o(q) = -q**2 - 17*q + 23. Let h be o(-18). Suppose -2*d + 1277 = 2*p - 5*d, 0 = -h*p - d + 3150. Is p composite?
False
Is 1139550/48 - 2/((-16)/3) a composite number?
False
Suppose 0 = 5*k - 70. Let z = -7 + k. Let o(v) = 2*v**2 - 7*v + 6. Is o(z) composite?
True
Let a(d) be the first derivative of 17*d**3/6 + 8*d**2 + 5*d + 2. Let x(y) be the first derivative of a(y). Is x(11) a prime number?
False
Suppose 6 = r + 22. Let d = 16 + r. Suppose d = -3*n + 886 - 7. Is n a prime number?
True
Suppose -33*p = -15*p - 41706. Is p a prime number?
False
Let d(p) = -2*p + 2. Let z be d(-1). Suppose z*i = 9*i - 1795. Is i a composite number?
False
Let i(j) = -j - 5*j - 6*j**2 - 14*j**3 - 3 + 9*j**3 + 3*j. Let g = -13 - -8. Is i(g) a composite number?
False
Suppose -5*q + 5*h = 6*h - 539165, 3*h = q - 107833. Is q a composite number?
True
Let i = 1745 - -1506. Is i a prime number?
True
Let j(u) = 21*u - 2. Suppose -486 = -2*p - 4*a, -a + 886 = 5*p - 374. Let g(d) = -2645*d + 253. Let i(n) = p*j(n) + 2*g(n). Is i(1) prime?
True
Suppose 13*t = 155697 - 12346. Is t a prime number?
True
Let w be (16/72)/((-1)/9*-1). Suppose -n - l + 1082 = 0, -w*n + 2159 = -0*l + 3*l. Is n prime?
True
Let u be (-6)/(-2) - (-12)/4. Suppose u = 2*v + 2. Is (-1 - 236/(-8))*v a prime number?
False
Let s(w) = 881*w**3 - 4*w**2 + 15*w - 59. Is s(5) a composite number?
True
Suppose 0 = -3*b - 2*q + 6*q + 9, -5*b - 8 = q. Let i be 603 + (b + -2 - 0). Let o = i + -337. Is o a prime number?
True
Let b(o) = 0 + 2*o + 522*o**2 + 107*o**2 - 1 - 5*o. Is b(-1) a composite number?
False
Let b(i) = -41*i**3 + 4*i**3 + 16*i + 3*i**3 + 3 - 14*i - i**2. Is b(-4) composite?
True
Suppose -h + 4*h = -3*y + 186, 3*h + 58 = y. Suppose 5*s - 221 - 99 = -z, 25 = -5*z. Suppose 5 = c - l - y, -s = -c + 2*l. Is c a composite number?
False
Suppose -1986 = -2*i - i. Let s = i - 391. Is s a prime number?
True
Suppose u - 23 = 5*n, 0 = 2*u + 2*u + n - 8. Suppose -p + 364 = -u*b, -4*b - 9 = -7*b. Is p a composite number?
False
Let o = 180103 - 80990. Is o prime?
False
Suppose -2*f + 3*q - 5*q - 10 = 0, 4*f = 5*q + 25. Let n(z) = -9*z + 371. Is n(f) composite?
True
Suppose -2*w + 7686 = -4*y, -2*w + 5*y - 3207 = -10894. Is (-11)/(-22) - w/(-2) composite?
True
Let y = -8 - -12. Suppose -4*f + 492 = -4*d, f - 88 = y*d + 23. Is f a composite number?
False
Let m = 49715 - 7248. Is m composite?
False
Let d be -3*(-6)/9 + 0. Let k be 1*(-4)/2 + d. Suppose 2*w - 8 - 18 = k. Is w a prime number?
True
Suppose 4*x - 2*b - b = -1127, 4*x + 3*b = -1145. Let p = x + 613. Is p prime?
False
Let h = 7 + -9. Is 187 - (h + 2)/2 prime?
False
Is (-3)/2 + 80585/10 prime?
False
Suppose 0 = 4*c + 1 - 13. Suppose -17 = -c*j + 5*l, 7 = 4*j + 4*l - 5. Suppose 0*o - j*o + 508 = 0. Is o a composite number?
False
Suppose 23 - 13 = 5*u. Suppose 5*x = -4*g + 99, -u*g - g = -2*x + 35. Is x prime?
True
Let f(h) be the third derivative of -h**5/60 - h**4/4 - h**3 - 3*h**2. Let z be f(-4). Suppose 5*s + 5*j = 885, z*s + 177 = 3*s - 2*j. Is s composite?
True
Suppose 3*m + 11261 = 3*u + 4277, 5*u - m = 11632. Is u a composite number?
True
Let y(a) = -32*a + 20 - 61*a - 47*a - 89*a. Is y(-7) prime?
False
Suppose 0 = -4*l + 218 + 1790. Suppose 3*i - 18 = 2*a - 258, -4*a - 5*i = -l. Is a + 2/1*-2 composite?
True
Suppose -7*v + 12*v = 10. Let t(q) = 4*q**v - 4*q**2 + 3*q**2 + 6 - 1. Is t(-4) a prime number?
True
Suppose 4*v + 3*p - 2132 = 2*p, 0 = -2*p - 8. Suppose -4*y + 2084 = -x, 5*x = -y - 13 + v. Is y prime?
True
Let q be ((-4)/6)/((-10)/75). Suppose 0 = -2*o - 2, 5*d = -o + 1254. Suppose 0 = -q*x + d - 81. Is x a composite number?
True
Let y = 7130 - 1041. Is y a prime number?
True
Suppose 4*s = 804 + 520. Is s a prime number?
True
Let u(s) = 49*s - 438.